e prime factors of 641425.
5, 25657
What are the prime factors of 7870826?
2, 19, 207127
List the prime factors of 3170483.
17, 29, 59, 109
List the prime factors of 293525.
5, 59, 199
What are the prime factors of 275170?
2, 5, 7, 3931
What are the prime factors of 1369297?
1369297
List the prime factors of 1452116.
2, 73, 4973
What are the prime factors of 961120?
2, 5, 6007
What are the prime factors of 899981?
899981
List the prime factors of 533123.
41, 13003
List the prime factors of 223854.
2, 3, 37309
What are the prime factors of 875180?
2, 5, 43759
What are the prime factors of 248890?
2, 5, 24889
List the prime factors of 558658.
2, 279329
List the prime factors of 3187989.
3, 7, 7229
List the prime factors of 36159470.
2, 5, 19, 190313
List the prime factors of 34538484.
2, 3, 79, 36433
What are the prime factors of 5164241?
5164241
List the prime factors of 292664.
2, 36583
List the prime factors of 1846772.
2, 461693
List the prime factors of 17116427.
17116427
What are the prime factors of 36052258?
2, 11, 769, 2131
What are the prime factors of 32059595?
5, 223, 28753
List the prime factors of 1620309.
3, 271, 1993
What are the prime factors of 981109?
109, 9001
List the prime factors of 9307649.
13, 715973
List the prime factors of 4633328.
2, 7, 41, 1009
What are the prime factors of 44932?
2, 47, 239
What are the prime factors of 700862?
2, 350431
List the prime factors of 594262.
2, 61, 4871
What are the prime factors of 591810?
2, 3, 5, 19727
List the prime factors of 169404.
2, 3, 19, 743
List the prime factors of 118257.
3, 39419
List the prime factors of 10154712.
2, 3, 17, 24889
List the prime factors of 2006153.
17, 19, 6211
List the prime factors of 11690238.
2, 3, 7, 43, 6473
List the prime factors of 1737574.
2, 868787
List the prime factors of 21931469.
7, 47, 89, 107
List the prime factors of 1070588.
2, 267647
What are the prime factors of 631901?
631901
List the prime factors of 446503.
446503
List the prime factors of 574672.
2, 7, 733
What are the prime factors of 2552330?
2, 5, 11, 23203
What are the prime factors of 9519425?
5, 380777
List the prime factors of 566751.
3, 19, 61, 163
What are the prime factors of 936290?
2, 5, 93629
List the prime factors of 10618292.
2, 29, 239, 383
List the prime factors of 433226.
2, 251, 863
What are the prime factors of 799319?
23, 1511
List the prime factors of 231706.
2, 115853
What are the prime factors of 2963868?
2, 3, 61, 4049
What are the prime factors of 2134066?
2, 11, 97003
What are the prime factors of 32594097?
3, 397, 27367
List the prime factors of 1713601.
1713601
What are the prime factors of 194543?
194543
What are the prime factors of 7007?
7, 11, 13
What are the prime factors of 12492669?
3, 7, 594889
List the prime factors of 1666313.
11, 151483
What are the prime factors of 11796200?
2, 5, 13, 349
List the prime factors of 196927.
196927
What are the prime factors of 3023746?
2, 11, 137443
What are the prime factors of 68399?
68399
What are the prime factors of 97142?
2, 48571
List the prime factors of 150934.
2, 7, 10781
List the prime factors of 667914.
2, 3, 13, 8563
What are the prime factors of 2043529?
89, 22961
What are the prime factors of 1886818?
2, 943409
List the prime factors of 175228.
2, 71, 617
List the prime factors of 889080.
2, 3, 5, 31, 239
List the prime factors of 24354585.
3, 5, 23, 23531
What are the prime factors of 28046452?
2, 7, 1001659
What are the prime factors of 867898?
2, 409, 1061
List the prime factors of 8916395.
5, 1229, 1451
What are the prime factors of 311582?
2, 83, 1877
List the prime factors of 57382.
2, 13, 2207
List the prime factors of 12604941.
3, 31, 45179
List the prime factors of 660517.
11, 13, 31, 149
What are the prime factors of 15282498?
2, 3, 7, 11, 19, 1741
What are the prime factors of 1034177?
1034177
What are the prime factors of 8270382?
2, 3, 1378397
What are the prime factors of 786843?
3, 87427
What are the prime factors of 2514624?
2, 3, 7, 1871
List the prime factors of 748047.
3, 389, 641
List the prime factors of 2060447.
2060447
List the prime factors of 124124.
2, 7, 11, 13, 31
What are the prime factors of 16455463?
19, 79, 577
What are the prime factors of 538019?
538019
List the prime factors of 11085241.
17, 23, 28351
What are the prime factors of 117247?
13, 29, 311
List the prime factors of 98008.
2, 12251
What are the prime factors of 159672?
2, 3, 6653
List the prime factors of 1142925.
3, 5, 7, 311
List the prime factors of 2060756.
2, 31, 16619
List the prime factors of 4802268.
2, 3, 199, 2011
List the prime factors of 150956.
2, 13, 2903
List the prime factors of 505663.
505663
List the prime factors of 2941712.
2, 53, 3469
List the prime factors of 282883.
457, 619
List the prime factors of 149493.
3, 49831
What are the prime factors of 11661209?
7, 251, 6637
What are the prime factors of 7945685?
5, 11, 73, 1979
What are the prime factors of 17626467?
3, 17, 37, 9341
List the prime factors of 1402973.
11, 13, 9811
What are the prime factors of 13639?
23, 593
What are the prime factors of 5113?
5113
List the prime factors of 4778461.
43, 111127
List the prime factors of 13112398.
2, 13, 504323
List the prime factors of 23304140.
2, 5, 1165207
What are the prime factors of 1925235?
3, 5, 13, 1097
List the prime factors of 3448179.
3, 7, 1117
List the prime factors of 3339209.
23, 47, 3089
What are the prime factors of 1620898?
2, 239, 3391
What are the prime factors of 373191?
3, 7, 13, 1367
What are the prime factors of 477403?
599, 797
List the prime factors of 719894.
2, 7, 51421
What are the prime factors of 137168?
2, 8573
List the prime factors of 2808215.
5, 29, 107, 181
List the prime factors of 398848.
2, 19, 41
List the prime factors of 10083288.
2, 3, 103, 4079
What are the prime factors of 92448?
2, 3, 107
What are the prime factors of 7135401?
3, 7, 13, 59, 443
List the prime factors of 15340686.
2, 3, 71, 36011
What are the prime factors of 570103?
67, 127
What are the prime factors of 154553?
7, 22079
List the prime factors of 206712.
2, 3, 11, 29
What are the prime factors of 369408?
2, 3, 13, 37
List the prime factors of 1150411.
1150411
What are the prime factors of 6336145?
5, 523, 2423
List the prime factors of 187852.
2, 7, 6709
What are the prime factors of 1166064?
2, 3, 17, 1429
List the prime factors of 3366105.
3, 5, 349, 643
List the prime factors of 12517328.
2, 29, 53, 509
List the prime factors of 16592550.
2, 3, 5, 13, 67, 127
List the prime factors of 109306.
2, 31, 41, 43
List the prime factors of 128521.
128521
List the prime factors of 265386.
2, 3, 11, 4021
What are the prime factors of 7628535?
3, 5, 169523
What are the prime factors of 147141?
3, 16349
List the prime factors of 99431.
99431
What are the prime factors of 5101094?
2, 73, 34939
List the prime factors of 584082.
2, 3, 37, 877
What are the prime factors of 6930120?
2, 3, 5, 57751
List the prime factors of 10051439.
10051439
What are the prime factors of 1232670?
2, 3, 5, 17, 2417
List the prime factors of 3733633.
19, 37, 47, 113
List the prime factors of 7568836.
2, 11, 31, 179
List the prime factors of 3105148.
2, 776287
List the prime factors of 1067908.
2, 266977
List the prime factors of 13895229.
3, 4631743
What are the prime factors of 241343?
241343
What are the prime factors of 939692?
2, 13, 17, 1063
What are the prime factors of 7806380?
2, 5, 269, 1451
What are the prime factors of 899160?
2, 3, 5, 59, 127
What are the prime factors of 61897?
11, 17, 331
List the prime factors of 8576543.
19, 451397
List the prime factors of 1708673.
113, 15121
What are the prime factors of 4058642?
2, 7, 131, 2213
List the prime factors of 35796299.
7, 11, 397, 1171
List the prime factors of 13828459.
13828459
List the prime factors of 572387.
572387
List the prime factors of 215701.
41, 5261
What are the prime factors of 1672225?
5, 66889
List the prime factors of 2166513.
3, 19, 191, 199
What are the prime factors of 300343?
300343
List the prime factors of 190861.
11, 17351
What are the prime factors of 1633041?
3, 20161
What are the prime factors of 52278?
2, 3, 8713
List the prime factors of 7143436.
2, 47, 37997
List the prime factors of 4690249.
17, 275897
What 